 = -p**3 + 4*p**2 - 3*p - 3. Let a be (-2)/((-8)/(-4))*-3. Suppose 0 = -5*i + 5*k, -i = -3*i + a*k - 3. Determine r(i).
-3
Let v be (-3184)/(-264) - (-20)/(-330). Let g(y) = -2*y - 17. Give g(v).
-41
Let j(z) = z**2 - z - 3. Let d(a) = 2*a**2 + 12*a - 22. Let s(i) = d(i) - j(i). Give s(-15).
11
Let u(g) be the third derivative of -g**5/30 + g**4/8 + 5*g**3/6 + 195*g**2. Suppose -5*w + 29 = 9. Calculate u(w).
-15
Suppose -19*v - 240 = -4*v. Let p(r) = r**3 + 16*r**2 + 2*r + 37. Let b be p(v). Let w(f) = 3*f - 6. Determine w(b).
9
Let y(w) = w + 5. Let v(r) = -r - 4. Let c(b) = 4*v(b) + 3*y(b). Suppose 3*u - 3 = -2*i + 4, 2*i = 3*u - 23. Let l be (108/(-90))/(2/u). What is c(l)?
2
Let n(o) = o**3 + 6*o**2 - 6*o + 5. Suppose 0 = 3*r + 18. Let l(c) = c**2 - c + 12*c - 3*c + 5. Let v be l(r). Calculate n(v).
-2
Let w(f) = -1 + f**2 + 3 + 0 - 1 + 7*f. Suppose -2*j - 6 = -3*g, -2*g + 3*j = -12 + 3. Suppose g = 3*d + 6, -2*m + d + 27 = -7*m. Give w(m).
-9
Let w(b) = -7*b**2 + b**3 - 1 + 2*b - 10 + 27 - 10 + 2*b. Determine w(6).
-6
Let b(r) = -r**3 + 0*r**3 - 4*r + r**2 + 3*r**2 + r. Let l be b(2). Suppose l*n - 4 = -0*n. Let s(f) = -f**3 + f**2 + 2*f. Give s(n).
0
Let a be (10/(-8))/((-5)/(-20)). Let s(q) = -q**3 - 4*q**2 + 6*q. What is s(a)?
-5
Let v be 30/9 - 10/(-15). Suppose v*t - 9 = 5*r, -2*r - 1 - 1 = 0. Let f(m) = -5*m**2 + 2*m - 1. Calculate f(t).
-4
Let l be (19 + -18 + 4/(-6))*-12. Let t(c) = -2*c**2 + 9*c - 8. Let a(d) = d**2 - 8*d + 7. Let n(b) = -4*a(b) - 3*t(b). What is n(l)?
8
Suppose -5*a - 20 = 0, -2*a = -y + 8 + 4. Suppose 4*m - r + y = -0*m, -4*m - 4 = -4*r. Let g(u) = u + 1. Calculate g(m).
0
Let a = -1497 - -1513. Let g(w) = 2*w + 18. Give g(a).
50
Suppose 0 = -7*a + 3*a. Suppose 5*d + 3*d + 8 = a. Let g(f) = -9*f**3 + 2*f**2 + f. Calculate g(d).
10
Let z(d) = -11*d - 7. Let o(n) = -24*n - 15. Let c(f) = -6*o(f) + 13*z(f). Let t(l) = -9 + 1 + 3*l - 4*l. Let m be t(-4). Give c(m).
-5
Let k(u) = -6 + 19 + 2*u**2 - 40 - 4 - 3*u**2 + 22*u. Calculate k(21).
-10
Let v(w) = -w**2 - 5*w + 4. Let m be (-3)/12 - 602/(-8). Suppose m*s + 36 = 69*s. Calculate v(s).
-2
Let c be 2/(-5) + (-22)/(-5). Suppose 8 + c = 4*y. Suppose -5*o + 7 = -y. Let m(n) = n**3 - n**2 - 2*n + 2. Calculate m(o).
2
Let v(s) = 2*s + 2. Suppose 18 = -l - 8*o + 3*o, -3*l - 6 = 3*o. Let w(c) = -l + 5*c + 0*c - 5 - 2*c. Let d be w(3). Calculate v(d).
6
Let b(z) be the second derivative of z**3/2 + 4*z**2 + 52*z. Calculate b(-7).
-13
Let z(u) = -3*u**3 - 3*u**2 - 3*u - 1. Let k be z(-1). Let w(o) = -2*o**3 + 2*o**2 + 2*o. Give w(k).
-4
Let z(k) be the second derivative of -k**5/60 - 7*k**4/24 - 7*k**3/6 + 25*k**2/2 - 9*k. Let n(g) be the first derivative of z(g). Give n(-6).
-1
Suppose 0*l + 5 = -l. Let x(a) = a**3 - 4*a**2 - 4*a - 3. Let f be x(5). Let z(s) = 0*s**3 - f*s**3 + 12*s**2 - 8*s**2 + 3*s**3 - 4*s. Give z(l).
-5
Let h(u) = u**3 + 7*u**2 + 4*u - 6. Suppose -16*w + 6*w = -40. Suppose 29 - 5 = -w*q. What is h(q)?
6
Let m = -1214 + 1212. Let v(l) = -l**3 + l**2 + 2*l - 2. Calculate v(m).
6
Suppose 3*k = -3*g - 9, 0 = k + 2*k - 2*g + 4. Let f(z) be the third derivative of 1/120*z**6 + 0*z - 1/3*z**3 + 2*z**2 + 0*z**4 + 0 + 1/30*z**5. Give f(k).
-2
Let z(q) = -3*q + q + 4*q + 4*q**2 - 1. Let r = 543 + -542. What is z(r)?
5
Let c be (-7)/9 - (-4)/(-18) - -6. Let r(x) = 7*x**3 - c*x**2 - 2*x - 7*x**3 - x**3. What is r(-5)?
10
Let y(f) be the second derivative of 0*f**2 + 2/3*f**3 - 3*f - 1/24*f**4 + 1/60*f**5 + 0. Let d(h) be the second derivative of y(h). Calculate d(-2).
-5
Let l(m) = -m**3 - 2*m**2 - m + 2. Let c(d) = d. Let k(b) = 3*b - 10. Let z(h) = 4*c(h) - k(h). Let n be z(-12). Calculate l(n).
4
Suppose -180 = -29*t + 49*t. Let n(u) = u + 2. Give n(t).
-7
Let v(a) = a - 5*a - 7*a**2 + 1 + 4*a. Suppose 3*o - 7 = -5*l, -3*o - 1 = 3*l + 2. Let p = -7 - o. Determine v(p).
-6
Let x(j) = 43 + 13*j + j**2 + 57 - 2*j**2 - 83. Give x(14).
3
Let z(m) be the first derivative of -5*m**3/3 - m**2 - 3*m + 316. Determine z(-1).
-6
Let s be ((-15)/(-20) + -3)/((-12)/32). Let p(a) = -a**2 + 7*a - 11. Give p(s).
-5
Let g(w) = -3*w**3 - 5 + 2703*w**2 + w - 2699*w**2 + 4*w**3. Give g(-4).
-9
Let v = 6 - 2. Let g(i) = 3 + v*i - 3 - 3 - 5*i. Let m be 1 + 6 - (1 - -1). Determine g(m).
-8
Let v(m) = 7*m**3 - 5*m**2 - 5*m - 25. Let a(w) = 3*w**3 - 2*w**2 - 2*w - 13. Let l(d) = -5*a(d) + 2*v(d). Let r = 31 + 45. Let z = -76 + r. Determine l(z).
15
Let w be 32/(-80)*30/3. Let s(c) = -2*c**3 - 7*c**2 - 5*c + 2. Give s(w).
38
Let f = 58/39 + 1/78. Let c(w) be the first derivative of w - 5 + f*w**2. Give c(-1).
-2
Let l(c) be the second derivative of -5*c**3/6 + c**2/2 - 5*c. Suppose 4*p = 8*p - 8. Let z be (1/(-1))/p*2. Calculate l(z).
6
Let v(b) = -b**2 - 2*b + 122 - 105 + b. Determine v(0).
17
Let p(h) = 6*h - 2. Let m(f) = 5*f - 1. Let w(s) = 3*m(s) - 2*p(s). Let u be (-8)/(((-2)/4)/(2/8)). Suppose 18 = q + 4*b, u*b = -q - b + 23. Calculate w(q).
-5
Suppose 3*z = -5*l + 7, 2*z + 12 = -l + 6*l. Let w(a) = 6*a**l + 1 - 1 + 5*a**2. Let m(c) = -2*c + 21. Let n be m(11). Determine w(n).
11
Let f(s) = s**3 - s**2 - 6*s + 6. Suppose 15*a - 88 = -7*a. What is f(a)?
30
Let c(f) = 0*f + 2*f - 4 - f. Calculate c(2).
-2
Let c(p) be the third derivative of p**2 + 0*p + 1/120*p**6 + 0 - 1/12*p**4 + 4/3*p**3 - 7/60*p**5. Let g = -2272 - -2279. Calculate c(g).
-6
Let h(g) = -15*g + 18*g**2 - 21*g**2 - 20 - 11*g**2 - g**3. Give h(-13).
6
Let k(c) be the first derivative of c**3/3 - c**2/2 + 4*c - 9. Let t be k(0). Let w(y) = y**3 - 4*y**2 + y - 5. What is w(t)?
-1
Let h(k) be the third derivative of k**5/60 + 5*k**4/24 - 2*k**3/3 + 31*k**2. What is h(-7)?
10
Let k = -26 + 14. Let l = 6 + k. Let y(n) = -915*n + 3 - n**3 - 1 + 911*n - 3*n**2 - 4*n**2. What is y(l)?
-10
Let q = -13 + 9. Let h(a) be the second derivative of a**3/6 - a**2 + 25*a + 2. Determine h(q).
-6
Let g(i) = 3*i + 3. Let y(n) = 25*n + 22. Let r(b) = 9*g(b) - y(b). Suppose l + 10 = 2*l. Suppose -4 = 2*t + l. Give r(t).
-9
Let g(h) be the second derivative of -h**4/2 + 2*h**3/3 + 286*h. Determine g(3).
-42
Let v(i) = -i**2 + 7*i - 3. Let s be -5 + (3 - 5 - -13). Calculate v(s).
3
Suppose -17*l + 2*a - 81 = 0, 12 = -4*l - 6*a + 10*a. Let m(n) = -2*n**2 - 15*n - 7. Let g(b) = -b**2 - 8*b - 3. Let f(t) = -7*g(t) + 4*m(t). Determine f(l).
-12
Let z(b) = -b**2 - b + 3. Let j = -114 + 118. Suppose -5*h - 2*g = -11, 0*g = 2*g + j. Give z(h).
-9
Let k(a) be the second derivative of a**4/12 - a**3/6 - 10*a**2 - 13*a - 1. Let i(m) = -m**3 - 3*m**2 + 3*m - 4. Let h be i(-4). What is k(h)?
-20
Let r(a) = a**3 + 2*a**2 - a - 1. Suppose -24*g + 20 = -19*g. Suppose 2*j + s = -s - 14, g*s + 24 = -2*j. What is r(j)?
1
Let k(j) = -j**2 + 2*j + 5. Let t(m) = m**3 - 17*m**2 + 60*m + 41. Let s be t(6). Give k(s).
-10
Let n(i) = -i**3 - 2*i**2 + i - 2. Let f(o) = -2*o + 29. Let u be -1 + (-1)/1 + 15. Let b be f(u). Suppose b = -4*y - 5. Give n(y).
-4
Let v(s) be the first derivative of -s**3/3 - 2*s**2 + 12*s - 219. Calculate v(-6).
0
Suppose 110 + 88 = -66*v. Let b(k) = 3*k + 10. Determine b(v).
1
Let v = -1211 - -1211. Let f(i) be the third derivative of 0 + 1/12*i**5 + 1/24*i**4 + 0*i - 5*i**2 + v*i**3. Determine f(-1).
4
Let v(l) = -l - 1. Let r = -9 - -11. Suppose -3*a + 29 = 5*m, m + r*a - 2 = 2*m. Suppose 6 = -q + 2*p, -5*q + m*p - 2*p - 22 = 0. Give v(q).
3
Let y(o) = o**2 - 3*o - 5. Let f be -7 + 12 + (-3)/(-6)*2. Determine y(f).
13
Let x(g) = -5*g**2 - 3*g + 5. Let s(f) = f**2 + f - 1. Let v(r) = -4*s(r) - x(r). Give v(4).
11
Let r = 37 - 0. Let o be 1/1 - (-6 + r). Let v = -36 - o. Let q(f) = f**3 + 6*f**2 - 1. Determine q(v).
-1
Let i(m) = m + 5 + 5*m - 10*m. Let c be 12 + (12/2)/(-1). Determine i(c).
-19
Suppose 10 = -5*l - 5*p, 0 = -6*p + 3*p - 12. Let i be (-3)/(-6) + 3/l. Let s(a) = i*a - 1 + 5*a + 6*a - 5*a. Calculate s(1).
7
Let b = 3 + -3. Suppose -z + b + 3 = 0. Let u(g) = -15*g - 6. Let c(n) = 4*n + 1. Let a(w) = -5*c(w) - u(w). Give a(z).
-14
Let k = -4 + 4. Let n = 19 - k. Suppose -2 = -o + t, 4*t = -8*o + 3*o + n. Let b(r) = -r**3 + 3*r**2 - 2*r - 1. Calculate b(o).
-7
Let i(d) = -d + 12. Let p(v) = -2*v**2 - 81*v + 47. Let a be p(-41). What is i(a)?
6
Let w(a) = -a**3 - a**2 - 2*a. Let l be (0/(-3) - 0)/((-14)/(-7)). Give w(l).
